{"id":1810,"date":"2023-07-10T10:25:52","date_gmt":"2023-07-10T10:25:52","guid":{"rendered":"https:\/\/bypierinafernandez.com\/?page_id=1810"},"modified":"2023-07-10T10:39:42","modified_gmt":"2023-07-10T10:39:42","slug":"terminos-y-condiciones","status":"publish","type":"page","link":"https:\/\/bypierinafernandez.com\/?page_id=1810","title":{"rendered":"TERMINOS Y CONDICIONES"},"content":{"rendered":"\t\t<div data-elementor-type=\"wp-page\" data-elementor-id=\"1810\" class=\"elementor elementor-1810\" data-elementor-post-type=\"page\">\n\t\t\t\t<div class=\"elementor-element elementor-element-3d4465e e-flex e-con-boxed e-con e-parent\" data-id=\"3d4465e\" data-element_type=\"container\" data-e-type=\"container\">\n\t\t\t\t\t<div class=\"e-con-inner\">\n\t\t<div class=\"elementor-element elementor-element-889f3e0 e-flex e-con-boxed e-con e-parent\" data-id=\"889f3e0\" data-element_type=\"container\" data-e-type=\"container\" data-settings=\"{&quot;background_background&quot;:&quot;classic&quot;}\">\n\t\t\t\t\t<div class=\"e-con-inner\">\n\t\t\t\t<div class=\"elementor-element elementor-element-63312cb elementor-widget elementor-widget-spacer\" data-id=\"63312cb\" data-element_type=\"widget\" data-e-type=\"widget\" data-widget_type=\"spacer.default\">\n\t\t\t\t<div class=\"elementor-widget-container\">\n\t\t\t\t\t\t\t<div class=\"elementor-spacer\">\n\t\t\t<div class=\"elementor-spacer-inner\"><\/div>\n\t\t<\/div>\n\t\t\t\t\t\t<\/div>\n\t\t\t\t<\/div>\n\t\t\t\t<div class=\"elementor-element elementor-element-25368d9 elementor-widget elementor-widget-heading\" data-id=\"25368d9\" data-element_type=\"widget\" data-e-type=\"widget\" data-widget_type=\"heading.default\">\n\t\t\t\t<div class=\"elementor-widget-container\">\n\t\t\t\t\t<h2 class=\"elementor-heading-title elementor-size-default\">TERMINOS Y CONDICIONES<\/h2>\t\t\t\t<\/div>\n\t\t\t\t<\/div>\n\t\t\t\t<div class=\"elementor-element elementor-element-b9ca5bf elementor-widget elementor-widget-spacer\" data-id=\"b9ca5bf\" data-element_type=\"widget\" data-e-type=\"widget\" data-widget_type=\"spacer.default\">\n\t\t\t\t<div class=\"elementor-widget-container\">\n\t\t\t\t\t\t\t<div class=\"elementor-spacer\">\n\t\t\t<div class=\"elementor-spacer-inner\"><\/div>\n\t\t<\/div>\n\t\t\t\t\t\t<\/div>\n\t\t\t\t<\/div>\n\t\t\t\t\t<\/div>\n\t\t\t\t<\/div>\n\t\t\t\t\t<\/div>\n\t\t\t\t<\/div>\n\t\t<div class=\"elementor-element elementor-element-f2822cd e-flex e-con-boxed e-con e-parent\" data-id=\"f2822cd\" data-element_type=\"container\" data-e-type=\"container\">\n\t\t\t\t\t<div class=\"e-con-inner\">\n\t\t<div class=\"elementor-element elementor-element-9c528ca e-flex e-con-boxed e-con e-parent\" data-id=\"9c528ca\" data-element_type=\"container\" data-e-type=\"container\">\n\t\t\t\t\t<div class=\"e-con-inner\">\n\t\t<div class=\"elementor-element elementor-element-56d441e e-flex e-con-boxed e-con e-parent\" data-id=\"56d441e\" data-element_type=\"container\" data-e-type=\"container\">\n\t\t\t\t\t<div class=\"e-con-inner\">\n\t\t<div class=\"elementor-element elementor-element-2af57dc e-flex e-con-boxed e-con e-parent\" data-id=\"2af57dc\" data-element_type=\"container\" data-e-type=\"container\">\n\t\t\t\t\t<div class=\"e-con-inner\">\n\t\t\t\t<div class=\"elementor-element elementor-element-7a68fc0 elementor-widget elementor-widget-text-editor\" data-id=\"7a68fc0\" data-element_type=\"widget\" data-e-type=\"widget\" data-widget_type=\"text-editor.default\">\n\t\t\t\t<div class=\"elementor-widget-container\">\n\t\t\t\t\t\t\t\t\t<p>Estos T\u00e9rminos y Condiciones (\u00abT&amp;C\u00bb) establecen los derechos y obligaciones entre\u00a0 Pierina Juliet Fern\u00e1ndez Gonzalez (\u00abnosotros\u00bb, \u00abnuestro\u00bb) y los usuarios (\u00abusted\u00bb, \u00absu\u00bb) que acceden y utilizan nuestro sitio web y servicios de est\u00e9tica y belleza (\u00abServicios\u00bb). Al acceder o utilizar nuestros Servicios, usted acepta estar sujeto a estos T&amp;C. Si no est\u00e1 de acuerdo con alguna parte de estos T&amp;C, le recomendamos que no utilice nuestros Servicios.<\/p><p><strong>Servicios ofrecidos:<\/strong><br \/><strong>a.<\/strong> Proporcionamos una variedad de servicios est\u00e9ticos y de belleza, que incluyen, entre otros, micropigmentacion de cejas y labios, extensiones de pesta\u00f1as, tratamientos faciales, masajes, manicuras y pedicuras, depilaci\u00f3n, maquillaje, asesoramiento de imagen, y otros servicios relacionados.<br \/><strong>b.<\/strong> Nuestros servicios pueden estar sujetos a disponibilidad y podr\u00edan variar seg\u00fan la ubicaci\u00f3n y los recursos disponibles. Nos reservamos el derecho de modificar, agregar o eliminar servicios sin previo aviso.<br \/>Edad m\u00ednima:<br \/>Al utilizar nuestros Servicios, usted declara y garantiza que tiene al menos 18 a\u00f1os de edad. Si es menor de 18 a\u00f1os, debe obtener el consentimiento y la supervisi\u00f3n de un padre o tutor legal antes de utilizar nuestros Servicios.<br \/><strong>Reservas y cancelaciones:<\/strong><br \/><strong>a.<\/strong> Las reservas de servicios se pueden realizar a trav\u00e9s de nuestro sitio web, por tel\u00e9fono o en persona, seg\u00fan la disponibilidad.<br \/><strong>b.<\/strong> Le recomendamos que cancele o modifique su reserva con al menos 24 horas de anticipaci\u00f3n. Nos reservamos el derecho de cobrar una tarifa de cancelaci\u00f3n si no se cumple este plazo o si no se presenta a su cita sin previo aviso.<br \/><strong>Pago:<\/strong><br \/><strong>a.<\/strong> Los precios de nuestros servicios se indican en nuestro sitio web o se proporcionar\u00e1n al momento de la reserva.<br \/><strong>b.<\/strong> El pago se debe realizar en el momento de recibir el servicio. En el caso de los servicios financiados el pago de la primera cuota se hace al momento de la reservaci\u00f3n.<br \/><strong>c.<\/strong> Aceptamos pagos en efectivo, tarjetas de cr\u00e9dito, transferencias bancarias u otros m\u00e9todos de pago indicados en nuestro sitio web.<\/p><p><strong>d.<\/strong> Comprando con Scalapay recibir\u00e1s tu pedido enseguida y pagar\u00e1s en el n\u00famero de plazos que hayas establecido. Aceptas que los plazos se cedan a Retail Instalments SPV 1 Limited, a las partes vinculadas y a sus cesionarios, y autorizas dicha cesi\u00f3n<\/p><p><strong>Responsabilidad del cliente:<\/strong><br \/><strong>a<\/strong>. Usted acepta proporcionar informaci\u00f3n precisa y completa al reservar nuestros servicios.<br \/><strong>b.<\/strong> Usted es responsable de informarnos sobre cualquier condici\u00f3n m\u00e9dica relevante, alergias, lesiones o infecciones antes de recibir cualquier tratamiento.<br \/><strong>c.<\/strong> Usted acepta seguir nuestras instrucciones y pol\u00edticas de seguridad durante la prestaci\u00f3n de servicios.<br \/><strong>Propiedad intelectual:<\/strong><br \/><strong>a.<\/strong> Nuestro sitio web y contenido relacionado est\u00e1n protegidos por derechos de autor, marcas comerciales y otras leyes de propiedad intelectual.<br \/><strong>b.<\/strong> Usted acepta no reproducir, distribuir, modificar, crear trabajos derivados o utilizar nuestro contenido sin nuestro consentimiento previo por escrito.<br \/><strong>Limitaci\u00f3n de responsabilidad:<\/strong><br \/><strong>a.<\/strong> Usted reconoce que la prestaci\u00f3n de servicios est\u00e9ticos y de belleza conlleva ciertos riesgos inherentes y que asume la responsabilidad total de cualquier consecuencia resultante del uso de nuestros servicios.<br \/><strong>b.<\/strong> No seremos responsables de ninguna lesi\u00f3n, p\u00e9rdida, da\u00f1o o reclamo relacionado con la prestaci\u00f3n de nuestros servicios, excepto en caso de negligencia grave o conducta intencional por nuestra parte.<br \/><strong>Privacidad:<\/strong><br \/><strong>a.<\/strong> Recopilamos, almacenamos y procesamos su informaci\u00f3n personal de acuerdo con nuestra Pol\u00edtica de Privacidad. Al utilizar nuestros Servicios, usted acepta nuestra recopilaci\u00f3n y uso de su informaci\u00f3n personal de acuerdo con nuestra Pol\u00edtica de Privacidad.<br \/><strong>Modificaciones:<\/strong><br \/>Nos reservamos el derecho de modificar estos T&amp;C en cualquier momento. Cualquier modificaci\u00f3n entrar\u00e1 en vigencia despu\u00e9s de su publicaci\u00f3n en nuestro sitio web. Es su responsabilidad revisar peri\u00f3dicamente estos T&amp;C para estar al tanto de las actualizaciones.<\/p><p><br \/>Estos T\u00e9rminos y Condiciones constituyen el acuerdo completo entre usted y nosotros con respecto a la prestaci\u00f3n de nuestros Servicios. Si alguna disposici\u00f3n de estos T&amp;C se considera inv\u00e1lida o inaplicable, dicha disposici\u00f3n se eliminar\u00e1 sin afectar la validez y aplicabilidad de las disposiciones restantes.<\/p>\t\t\t\t\t\t\t\t<\/div>\n\t\t\t\t<\/div>\n\t\t\t\t\t<\/div>\n\t\t\t\t<\/div>\n\t\t\t\t\t<\/div>\n\t\t\t\t<\/div>\n\t\t\t\t\t<\/div>\n\t\t\t\t<\/div>\n\t\t\t\t\t<\/div>\n\t\t\t\t<\/div>\n\t\t\t\t<\/div>\n\t\t","protected":false},"excerpt":{"rendered":"<p>TERMINOS Y CONDICIONES Estos T\u00e9rminos y Condiciones (\u00abT&amp;C\u00bb) establecen los derechos y obligaciones entre&nbsp; Pierina Juliet Fern\u00e1ndez Gonzalez (\u00abnosotros\u00bb, \u00abnuestro\u00bb) y los usuarios (\u00abusted\u00bb, \u00absu\u00bb) que acceden y utilizan nuestro sitio web y servicios de est\u00e9tica y belleza (\u00abServicios\u00bb). Al acceder o utilizar nuestros Servicios, usted acepta estar sujeto a estos T&amp;C. Si no est\u00e1 [&hellip;]<\/p>\n","protected":false},"author":1,"featured_media":0,"parent":0,"menu_order":0,"comment_status":"closed","ping_status":"closed","template":"","meta":{"jetpack_post_was_ever_published":false,"footnotes":""},"class_list":["post-1810","page","type-page","status-publish","hentry"],"jetpack_sharing_enabled":true,"_links":{"self":[{"href":"https:\/\/bypierinafernandez.com\/index.php?rest_route=\/wp\/v2\/pages\/1810","targetHints":{"allow":["GET"]}}],"collection":[{"href":"https:\/\/bypierinafernandez.com\/index.php?rest_route=\/wp\/v2\/pages"}],"about":[{"href":"https:\/\/bypierinafernandez.com\/index.php?rest_route=\/wp\/v2\/types\/page"}],"author":[{"embeddable":true,"href":"https:\/\/bypierinafernandez.com\/index.php?rest_route=\/wp\/v2\/users\/1"}],"replies":[{"embeddable":true,"href":"https:\/\/bypierinafernandez.com\/index.php?rest_route=%2Fwp%2Fv2%2Fcomments&post=1810"}],"version-history":[{"count":5,"href":"https:\/\/bypierinafernandez.com\/index.php?rest_route=\/wp\/v2\/pages\/1810\/revisions"}],"predecessor-version":[{"id":1816,"href":"https:\/\/bypierinafernandez.com\/index.php?rest_route=\/wp\/v2\/pages\/1810\/revisions\/1816"}],"wp:attachment":[{"href":"https:\/\/bypierinafernandez.com\/index.php?rest_route=%2Fwp%2Fv2%2Fmedia&parent=1810"}],"curies":[{"name":"wp","href":"https:\/\/api.w.org\/{rel}","templated":true}]}}