{"id":3,"date":"2023-04-15T01:35:25","date_gmt":"2023-04-15T01:35:25","guid":{"rendered":"http:\/\/bypierinafernandez.com\/?page_id=3"},"modified":"2023-07-09T18:41:39","modified_gmt":"2023-07-09T18:41:39","slug":"politica-privacidad","status":"publish","type":"page","link":"https:\/\/bypierinafernandez.com\/?page_id=3","title":{"rendered":"Aviso Legal"},"content":{"rendered":"\t\t<div data-elementor-type=\"wp-page\" data-elementor-id=\"3\" class=\"elementor elementor-3\" data-elementor-post-type=\"page\">\n\t\t\t\t<div class=\"elementor-element elementor-element-866147f e-flex e-con-boxed e-con e-parent\" data-id=\"866147f\" data-element_type=\"container\" data-e-type=\"container\" data-settings=\"{&quot;background_background&quot;:&quot;classic&quot;}\">\n\t\t\t\t\t<div class=\"e-con-inner\">\n\t\t\t\t<div class=\"elementor-element elementor-element-6694f32 elementor-widget elementor-widget-spacer\" data-id=\"6694f32\" data-element_type=\"widget\" data-e-type=\"widget\" data-widget_type=\"spacer.default\">\n\t\t\t\t<div class=\"elementor-widget-container\">\n\t\t\t\t\t\t\t<div class=\"elementor-spacer\">\n\t\t\t<div class=\"elementor-spacer-inner\"><\/div>\n\t\t<\/div>\n\t\t\t\t\t\t<\/div>\n\t\t\t\t<\/div>\n\t\t\t\t<div class=\"elementor-element elementor-element-7862842 elementor-widget elementor-widget-heading\" data-id=\"7862842\" data-element_type=\"widget\" data-e-type=\"widget\" data-widget_type=\"heading.default\">\n\t\t\t\t<div class=\"elementor-widget-container\">\n\t\t\t\t\t<h2 class=\"elementor-heading-title elementor-size-default\">POLITICA DE PRIVACIDAD<\/h2>\t\t\t\t<\/div>\n\t\t\t\t<\/div>\n\t\t\t\t<div class=\"elementor-element elementor-element-b150f65 elementor-widget elementor-widget-spacer\" data-id=\"b150f65\" data-element_type=\"widget\" data-e-type=\"widget\" data-widget_type=\"spacer.default\">\n\t\t\t\t<div class=\"elementor-widget-container\">\n\t\t\t\t\t\t\t<div class=\"elementor-spacer\">\n\t\t\t<div class=\"elementor-spacer-inner\"><\/div>\n\t\t<\/div>\n\t\t\t\t\t\t<\/div>\n\t\t\t\t<\/div>\n\t\t\t\t\t<\/div>\n\t\t\t\t<\/div>\n\t\t<div class=\"elementor-element elementor-element-0194f44 e-flex e-con-boxed e-con e-parent\" data-id=\"0194f44\" data-element_type=\"container\" data-e-type=\"container\">\n\t\t\t\t\t<div class=\"e-con-inner\">\n\t\t<div class=\"elementor-element elementor-element-394e9a2 e-flex e-con-boxed e-con e-parent\" data-id=\"394e9a2\" data-element_type=\"container\" data-e-type=\"container\">\n\t\t\t\t\t<div class=\"e-con-inner\">\n\t\t<div class=\"elementor-element elementor-element-b52f894 e-flex e-con-boxed e-con e-parent\" data-id=\"b52f894\" data-element_type=\"container\" data-e-type=\"container\">\n\t\t\t\t\t<div class=\"e-con-inner\">\n\t\t\t\t<div class=\"elementor-element elementor-element-819ad81 elementor-widget elementor-widget-text-editor\" data-id=\"819ad81\" data-element_type=\"widget\" data-e-type=\"widget\" data-widget_type=\"text-editor.default\">\n\t\t\t\t<div class=\"elementor-widget-container\">\n\t\t\t\t\t\t\t\t\t<p>En By Pierina Fernandez, nos comprometemos a proteger su privacidad y a manejar sus datos personales de acuerdo con las leyes de protecci\u00f3n de datos aplicables. A continuaci\u00f3n, explicamos c\u00f3mo recopilamos, utilizamos y protegemos la informaci\u00f3n personal que usted nos proporciona:<\/p><p><strong>Informaci\u00f3n recopilada<\/strong>: Recopilamos informaci\u00f3n personal como nombre, direcci\u00f3n de correo electr\u00f3nico, informaci\u00f3n de contacto y cualquier otra informaci\u00f3n que usted nos proporcione voluntariamente a trav\u00e9s de formularios de contacto o registros en el sitio web.<\/p><p><br \/><strong>Uso de la informaci\u00f3n:<\/strong> Utilizamos la informaci\u00f3n recopilada para responder a sus consultas, proporcionar los servicios solicitados, mejorar nuestro sitio web y enviarle comunicaciones relacionadas con nuestros productos y servicios.<\/p><p><br \/><strong>Protecci\u00f3n de la informaci\u00f3n:<\/strong> Tomamos medidas razonables para proteger la informaci\u00f3n personal que recopilamos contra el acceso no autorizado, la divulgaci\u00f3n o la destrucci\u00f3n.<\/p><p><br \/><strong>Compartir informaci\u00f3n<\/strong>: No compartiremos su informaci\u00f3n personal con terceros sin su consentimiento, a menos que sea requerido por la ley o para proteger nuestros derechos legales.<\/p><p><br \/><strong>Derechos del usuario:<\/strong> Usted tiene derecho a acceder, corregir o eliminar su informaci\u00f3n personal en cualquier momento. Puede ejercer estos derechos envi\u00e1ndonos una solicitud por correo electr\u00f3nico a bypierinafernandez@gmail.com<\/p>\t\t\t\t\t\t\t\t<\/div>\n\t\t\t\t<\/div>\n\t\t\t\t\t<\/div>\n\t\t\t\t<\/div>\n\t\t\t\t\t<\/div>\n\t\t\t\t<\/div>\n\t\t\t\t\t<\/div>\n\t\t\t\t<\/div>\n\t\t\t\t<\/div>\n\t\t","protected":false},"excerpt":{"rendered":"<p>POLITICA DE PRIVACIDAD En By Pierina Fernandez, nos comprometemos a proteger su privacidad y a manejar sus datos personales de acuerdo con las leyes de protecci\u00f3n de datos aplicables. A continuaci\u00f3n, explicamos c\u00f3mo recopilamos, utilizamos y protegemos la informaci\u00f3n personal que usted nos proporciona: Informaci\u00f3n recopilada: Recopilamos informaci\u00f3n personal como nombre, direcci\u00f3n de correo electr\u00f3nico, [&hellip;]<\/p>\n","protected":false},"author":1,"featured_media":0,"parent":0,"menu_order":0,"comment_status":"closed","ping_status":"open","template":"","meta":{"jetpack_post_was_ever_published":false,"footnotes":""},"class_list":["post-3","page","type-page","status-publish","hentry"],"jetpack_sharing_enabled":true,"_links":{"self":[{"href":"https:\/\/bypierinafernandez.com\/index.php?rest_route=\/wp\/v2\/pages\/3","targetHints":{"allow":["GET"]}}],"collection":[{"href":"https:\/\/bypierinafernandez.com\/index.php?rest_route=\/wp\/v2\/pages"}],"about":[{"href":"https:\/\/bypierinafernandez.com\/index.php?rest_route=\/wp\/v2\/types\/page"}],"author":[{"embeddable":true,"href":"https:\/\/bypierinafernandez.com\/index.php?rest_route=\/wp\/v2\/users\/1"}],"replies":[{"embeddable":true,"href":"https:\/\/bypierinafernandez.com\/index.php?rest_route=%2Fwp%2Fv2%2Fcomments&post=3"}],"version-history":[{"count":39,"href":"https:\/\/bypierinafernandez.com\/index.php?rest_route=\/wp\/v2\/pages\/3\/revisions"}],"predecessor-version":[{"id":1792,"href":"https:\/\/bypierinafernandez.com\/index.php?rest_route=\/wp\/v2\/pages\/3\/revisions\/1792"}],"wp:attachment":[{"href":"https:\/\/bypierinafernandez.com\/index.php?rest_route=%2Fwp%2Fv2%2Fmedia&parent=3"}],"curies":[{"name":"wp","href":"https:\/\/api.w.org\/{rel}","templated":true}]}}