{"id":2315,"date":"2024-02-12T23:08:04","date_gmt":"2024-02-12T23:08:04","guid":{"rendered":"https:\/\/bypierinafernandez.com\/?post_type=product&#038;p=2315"},"modified":"2026-03-09T21:46:33","modified_gmt":"2026-03-09T21:46:33","slug":"hollywood-peel","status":"publish","type":"product","link":"https:\/\/bypierinafernandez.com\/?product=hollywood-peel","title":{"rendered":"HOLLYWOOD PEEL (3 SESIONES)"},"content":{"rendered":"<p><b>Es un procedimiento no invasivo que ayuda al rejuvenecimiento de la piel envejecida<\/b>. Es seguro, efectivo y aplicable a la mayor\u00eda de los tipos de piel. Excelente opci\u00f3n para obtener un r\u00e1pido refrescamiento de la piel sin la necesidad de tiempo de el recuperaci\u00f3n.<\/p>\n","protected":false},"excerpt":{"rendered":"<p>Es un procedimiento no invasivo que ayuda al rejuvenecimiento de la piel envejecida. Es seguro, efectivo y aplicable a la mayor\u00eda de los tipos de piel. Excelente opci\u00f3n para obtener un r\u00e1pido refrescamiento de la piel sin la necesidad de tiempo de el recuperaci\u00f3n.<\/p>\n","protected":false},"featured_media":2316,"comment_status":"open","ping_status":"closed","template":"","meta":{"jetpack_post_was_ever_published":false},"product_brand":[],"product_cat":[56],"product_tag":[],"class_list":{"0":"post-2315","1":"product","2":"type-product","3":"status-publish","4":"has-post-thumbnail","6":"product_cat-tratamientos-faciales","8":"first","9":"instock","10":"taxable","11":"shipping-taxable","12":"purchasable","13":"product-type-simple"},"jetpack_sharing_enabled":true,"_links":{"self":[{"href":"https:\/\/bypierinafernandez.com\/index.php?rest_route=\/wp\/v2\/product\/2315","targetHints":{"allow":["GET"]}}],"collection":[{"href":"https:\/\/bypierinafernandez.com\/index.php?rest_route=\/wp\/v2\/product"}],"about":[{"href":"https:\/\/bypierinafernandez.com\/index.php?rest_route=\/wp\/v2\/types\/product"}],"replies":[{"embeddable":true,"href":"https:\/\/bypierinafernandez.com\/index.php?rest_route=%2Fwp%2Fv2%2Fcomments&post=2315"}],"wp:featuredmedia":[{"embeddable":true,"href":"https:\/\/bypierinafernandez.com\/index.php?rest_route=\/wp\/v2\/media\/2316"}],"wp:attachment":[{"href":"https:\/\/bypierinafernandez.com\/index.php?rest_route=%2Fwp%2Fv2%2Fmedia&parent=2315"}],"wp:term":[{"taxonomy":"product_brand","embeddable":true,"href":"https:\/\/bypierinafernandez.com\/index.php?rest_route=%2Fwp%2Fv2%2Fproduct_brand&post=2315"},{"taxonomy":"product_cat","embeddable":true,"href":"https:\/\/bypierinafernandez.com\/index.php?rest_route=%2Fwp%2Fv2%2Fproduct_cat&post=2315"},{"taxonomy":"product_tag","embeddable":true,"href":"https:\/\/bypierinafernandez.com\/index.php?rest_route=%2Fwp%2Fv2%2Fproduct_tag&post=2315"}],"curies":[{"name":"wp","href":"https:\/\/api.w.org\/{rel}","templated":true}]}}