{"id":2684,"date":"2024-11-25T18:09:29","date_gmt":"2024-11-25T18:09:29","guid":{"rendered":"https:\/\/bypierinafernandez.com\/?post_type=product&#038;p=2684"},"modified":"2025-05-12T19:17:29","modified_gmt":"2025-05-12T19:17:29","slug":"drenaje-linfatico","status":"publish","type":"product","link":"https:\/\/bypierinafernandez.com\/?product=drenaje-linfatico","title":{"rendered":"DRENAJE LINF\u00c1TICO"},"content":{"rendered":"<p>El drenaje linf\u00e1tico es una\u00a0<b>t\u00e9cnica de masaje manual que estimula el sistema linf\u00e1tico<\/b>, ayudando a eliminar el exceso de l\u00edquido y toxinas, reduciendo as\u00ed la hinchaz\u00f3n y mejorando la circulaci\u00f3n y la calidad de los tejidos de la piel.<\/p>\n","protected":false},"excerpt":{"rendered":"<p>El drenaje linf\u00e1tico es una\u00a0t\u00e9cnica de masaje manual que estimula el sistema linf\u00e1tico, ayudando a eliminar el exceso de l\u00edquido y toxinas, reduciendo as\u00ed la hinchaz\u00f3n y mejorando la circulaci\u00f3n y la calidad de los tejidos de la piel.<\/p>\n","protected":false},"featured_media":2685,"comment_status":"open","ping_status":"closed","template":"","meta":{"jetpack_post_was_ever_published":false},"product_brand":[],"product_cat":[69],"product_tag":[],"class_list":{"0":"post-2684","1":"product","2":"type-product","3":"status-publish","4":"has-post-thumbnail","6":"product_cat-tratamientos-corporales","8":"first","9":"instock","10":"taxable","11":"shipping-taxable","12":"purchasable","13":"product-type-variable"},"jetpack_sharing_enabled":true,"_links":{"self":[{"href":"https:\/\/bypierinafernandez.com\/index.php?rest_route=\/wp\/v2\/product\/2684","targetHints":{"allow":["GET"]}}],"collection":[{"href":"https:\/\/bypierinafernandez.com\/index.php?rest_route=\/wp\/v2\/product"}],"about":[{"href":"https:\/\/bypierinafernandez.com\/index.php?rest_route=\/wp\/v2\/types\/product"}],"replies":[{"embeddable":true,"href":"https:\/\/bypierinafernandez.com\/index.php?rest_route=%2Fwp%2Fv2%2Fcomments&post=2684"}],"wp:featuredmedia":[{"embeddable":true,"href":"https:\/\/bypierinafernandez.com\/index.php?rest_route=\/wp\/v2\/media\/2685"}],"wp:attachment":[{"href":"https:\/\/bypierinafernandez.com\/index.php?rest_route=%2Fwp%2Fv2%2Fmedia&parent=2684"}],"wp:term":[{"taxonomy":"product_brand","embeddable":true,"href":"https:\/\/bypierinafernandez.com\/index.php?rest_route=%2Fwp%2Fv2%2Fproduct_brand&post=2684"},{"taxonomy":"product_cat","embeddable":true,"href":"https:\/\/bypierinafernandez.com\/index.php?rest_route=%2Fwp%2Fv2%2Fproduct_cat&post=2684"},{"taxonomy":"product_tag","embeddable":true,"href":"https:\/\/bypierinafernandez.com\/index.php?rest_route=%2Fwp%2Fv2%2Fproduct_tag&post=2684"}],"curies":[{"name":"wp","href":"https:\/\/api.w.org\/{rel}","templated":true}]}}